6).
25
Let t(g) = 19*g**2 - 555*g - 46. Give t(29).
-162
Let j(z) = -z**2 + 3*z + 155. Determine j(-14).
-83
Let v(f) = -88*f + 787. What is v(9)?
-5
Let a(c) = 7*c**2 - 53*c - 12. What is a(7)?
-40
Let i(f) = -f**3 + f**2 + 2*f - 7. Give i(-4).
65
Let l(o) = -135*o**2 + 818*o - 33. Determine l(6).
15
Let k(u) = -u**2 - 23*u + 366. Give k(-35).
-54
Let l(q) = -2*q**3 + 82*q**2 + 102*q - 772. Determine l(42).
-16
Let g(m) = 11*m**2 + 106*m + 3. What is g(-8)?
-141
Let q(o) = -o**3 - 85*o**2 - 94*o - 840. What is q(-84)?
0
Let m(n) = -3*n**2 + 73*n - 213. Calculate m(21).
-3
Let w(s) = -3*s - 121. Calculate w(-6).
-103
Let q(f) = -5*f**2 + 87*f - 311. What is q(5)?
-1
Let q(s) = 2*s**3 + 24*s**2 - 12*s + 94. What is q(-12)?
238
Let t(x) = -75*x - 530. Determine t(-7).
-5
Let a(b) = -3*b**2 - 655*b - 28505. What is a(-60)?
-5
Let r(x) = -7*x - 161. What is r(51)?
-518
Let d(u) = 14*u**2 + 94*u - 787. What is d(8)?
861
Let o(w) = 36*w**2 + 4*w - 6. Determine o(4).
586
Let z(l) = l**3 - 4*l**2 - 21*l + 17. Give z(7).
17
Let r(w) = 7*w**3 + 9*w**2 + 5. Give r(2).
97
Let n(h) = h**2 + 46*h + 159. What is n(-4)?
-9
Let b(d) = 5*d**2 - 4*d - 71. Determine b(9).
298
Let x(f) = -f**3 - 21*f**2 - 23*f - 6. What is x(-1)?
-3
Let r(m) = 21*m + 1277. Calculate r(-61).
-4
Let v(c) = -8*c**2 - 13*c + 120. Calculate v(5).
-145
Let j(b) = 20*b - 1651. What is j(75)?
-151
Let s(q) = q**3 + 39*q**2 + 373*q - 14. Give s(-22).
8
Let r(i) = -1900*i - 43720. Give r(-23).
-20
Let c(f) = -f**3 - f**2 - f + 8. Calculate c(3).
-31
Let z(l) = -29*l + 2598. What is z(91)?
-41
Let k(l) = -3*l**3 - 20*l**2 - 38*l - 7. Calculate k(-2).
13
Let i(k) = 151*k + 11488. Calculate i(-76).
12
Let z(d) = d**3 - 4*d**2 + 12*d - 15. Determine z(2).
1
Let d(s) = -280*s - 120. Give d(-2).
440
Let f(z) = -z**3 - 3*z**2 + 87*z + 16. Calculate f(8).
8
Let w(l) = -l**3 - 17*l**2 - 274*l - 5926. Calculate w(-19).
2
Let o(c) = 54*c - 1132. Determine o(21).
2
Let h(k) = k**3 - 7*k**2 - k + 63. Determine h(8).
119
Let t(k) = -k**3 + 44*k**2 + 51*k - 99. Calculate t(45).
171
Let i(u) = u**3 + 2*u**2 - 46*u - 192. What is i(-6)?
-60
Let g(w) = 53*w**2 - 31*w + 2. What is g(1)?
24
Let j(b) = 34*b - 409. Determine j(13).
33
Let o(j) = 2*j**3 - 47*j**2 - 27*j + 46. Calculate o(24).
-26
Let y(n) = -6*n**2 + 207*n - 97. Calculate y(34).
5
Let m(g) = -1811*g - 4. Calculate m(0).
-4
Let u(v) = -4*v**2 - 892*v - 6042. Give u(-7).
6
Let n(w) = -14*w**2 - 35*w + 19. What is n(-3)?
-2
Let f(m) = 8*m**3 - 44*m**2 + 6*m + 38. Calculate f(1).
8
Let i(r) = -16*r - 130. Calculate i(-18).
158
Let g(o) = 70*o - 214. Calculate g(3).
-4
Let u(l) = 5*l**2 - 14*l - 94. Determine u(-5).
101
Let d(f) = -94*f - 1549. Calculate d(-17).
49
Let o(y) = -1276*y + 6388. What is o(5)?
8
Let p(k) = 32*k + 2712. Calculate p(-93).
-264
Let v(g) = -863*g**2 + 4*g + 3. Give v(-1).
-864
Let f(u) = 2*u**2 - 31*u + 67. Determine f(11).
-32
Let l(a) = -970*a + 937. Determine l(1).
-33
Let r(k) = -35*k - 2284. Give r(-67).
61
Let h(u) = -u**3 + 9*u**2 + 90*u - 806. Give h(10).
-6
Let r(g) = 208*g - 1298. What is r(6)?
-50
Let b(p) = -p**2 + 54*p - 641. Determine b(22).
63
Let q(l) = -24*l**3 + l**2 + 8*l - 2. Determine q(2).
-174
Let i(x) = -4*x**2 + 72*x - 95. What is i(17)?
-27
Let m(j) = j**2 + 27*j + 49. What is m(-26)?
23
Let h(f) = -23*f + 112. Give h(6).
-26
Let u(f) = 115*f - 2076. Calculate u(17).
-121
Let p(v) = 13*v - 1611. What is p(123)?
-12
Let q(k) = 3*k**2 + 36*k - 21. Determine q(-11).
-54
Let s(y) = -7*y**2 - 199*y - 116. Calculate s(-28).
-32
Let f(p) = -83*p**2 + 907*p + 61. Give f(11).
-5
Let p(n) = n**3 + 33*n**2 - 110*n - 44. Determine p(-36).
28
Let u(j) = 13*j**2 - 70*j - 152. Determine u(7).
-5
Let c(v) = 59*v + 1554. Give c(-26).
20
Let y(l) = -3*l**2 + 681*l - 3993. What is y(6)?
-15
Let h(u) = -65*u**2 - 308*u + 7. Give h(-5).
-78
Let s(q) = 187*q + 3740. Calculate s(-20).
0
Let c(g) = -g**3 - 4*g**2 - 16*g - 1. Determine c(-6).
167
Let r(t) = 9*t**3 + 73*t**2 - 147*t + 3. Give r(2).
73
Let h(a) = 4*a - 273. What is h(66)?
-9
Let q(h) = -h**2 - 15*h + 50. What is q(4)?
-26
Let k(j) = -212*j - 1795. Calculate k(-11).
537
Let l(w) = -w**3 + 18*w**2 + 51*w - 600. Determine l(19).
8
Let o(x) = -x**3 - 33*x**2 + 53*x - 444. Give o(-35).
151
Let v(j) = -13*j + 11. What is v(24)?
-301
Let g(c) = c**3 - 9*c**2 + 32*c - 62. Calculate g(6).
22
Let o(x) = -3*x**2 + 157*x - 436. Determine o(49).
54
Let o(x) = -4*x**2 + 31*x - 15. Calculate o(-7).
-428
Let q(z) = -1018*z + 5097. What is q(5)?
7
Let o(h) = -139*h**2 + 833*h + 4. Give o(6).
-2
Let j(f) = -f**2 - 28*f + 308. Give j(-36).
20
Let n(a) = -a**2 - 99*a + 296. What is n(3)?
-10
Let r(b) = 2*b**2 + 148*b + 134. What is r(-74)?
134
Let n(f) = 5*f**2 + 2*f - 47. Calculate n(4).
41
Let m(h) = 5*h**2 + 46*h + 14. What is m(-5)?
-91
Let t(j) = -688*j + 6196. Give t(9).
4
Let k(f) = 486*f - 13682. What is k(28)?
-74
Let i(j) = 2*j**3 - 13*j**2 + 305*j - 1796. Give i(6).
-2
Let t(f) = 40*f - 286. Calculate t(24).
674
Let x(q) = -3*q**2 - 5*q + 9. Give x(-2).
7
Let v(k) = -70*k**3 + 143*k**2 - 6. What is v(2)?
6
Let v(n) = -n**3 + 17*n**2 + 40. What is v(0)?
40
Let g(t) = 12*t**2 - 68*t + 60. What is g(0)?
60
Let s(b) = -981*b - 10798. Give s(-11).
-7
Let q(a) = a**2 + 104*a + 2474. Calculate q(-67).
-5
Let l(g) = 7*g**2 - 178*g + 56. Give l(26).
160
Let r(u) = u**2 - 84*u + 365. Give r(79).
-30
Let p(o) = 383*o - 5347. What is p(14)?
15
Let m(w) = 12*w + 300. Calculate m(-33).
-96
Let d(j) = -2352*j - 4698. Determine d(-2).
6
Let z(m) = 206*m**2 - 21*m - 3. Give z(1).
182
Let i(h) = 171*h + 5450. Determine i(-32).
-22
Let u(f) = -236*f + 2131. What is u(9)?
7
Let c(h) = -1246*h + 66067. Calculate c(53).
29
Let f(h) = h**2 - 48*h + 81. Calculate f(46).
-11
Let l(c) = -c**2 - 147*c - 2117. Give l(-16).
-21
Let x(l) = -4*l**2 - 13*l + 155. What is x(-14)?
-447
Let l(m) = -53*m - 1447. What is l(-21)?
-334
Let a(o) = 377*o - 3380. Calculate a(9).
13
Let d(f) = -2*f**2 + 372*f + 12955. Determine d(-30).
-5
Let p(z) = z**3 - 71*z**2 + 63*z - 170. What is p(70)?
-660
Let i(d) = 301*d - 902. Calculate i(3).
1
Let c(j) = j**2 - 28*j - 1311. Calculate c(52).
-63
Let t(c) = -c**2 + 549*c + 8463. What is t(-15)?
3
Let k(i) = -4977*i - 59725. Determine k(-12).
-1
Let j(h) = 83*h - 841. What is j(10)?
-11
Let a(q) = -21*q - 150. Determine a(20).
-570
Let c(u) = 25*u**2 + 722*u - 29. Give c(-29).
58
Let x(j) = j**3 - 26*j**2 + 176*j + 3. Give x(12).
99
Let b(z) = 3416*z**2 - 23911*z - 5. Give b(7).
2
Let n(g) = -3*g**2 - 25*g + 16. Calculate n(-9).
-2
Let f(x) = -7*x - 67. What is f(-5)?
-32
Let j(b) = 8*b + 66. What is j(-15)?
-54
Let h(f) = -9*f**3 - 235*f**2 - 53*f - 706. Calculate h(-26).
-4
Let r(n) = n**2 - 321*n - 1632. What is r(-5)?
-2
Let i(u) = 132*u**2 - 68*u + 68. What is i(1)?
132
Let u(w) = -144*w - 21460. What is u(-149)?
-4
Let k(t) = 276*t**2 - 3314*t + 29. Calculate k(12).
5
Let r(z) = 8*z**2 - 24*z + 27. What is r(0)?
27
Let y(h) = 6*h**2 - 34*h - 31. Give y(7).
25
Let j(d) = 4*d**3 - 22*d**2 - 163*d - 142. Give j(-1).
-5
Let t(v) = -v**3 - 8*v**2 - 3*v + 70. What is t(-6)?
16
Let a(l) = -4*l**3 + 4*l**2 - 14*l + 22. Calculate a(4).
-226
Let y(i) = 3*i**2 + 91*i + 372. Determine y(-30).
342
Let m(u) = -u**3 - 14*u**2 + 52*u + 595. Determine m(-15).
40
Let i(v) = -v**2 + 706*v - 9687. Determine i(14).
1
Let t(n) = n**2 - 82*n + 497. Give t(6).
41
Let n(c) = -186*c**2 - 549*c + 26. Calculate n(-3).
-1
Let k(c) = c**3 - 6*c**2 + 7*c - 128. Determine k(8).
56
Let r(j) = -4*j**3 + 51*j**2 - 25*j - 31. Determine r(12).
101
Let v(h) = 35*h**2 - 208*h + 8. Give v(6).
20
Let d(k) = -52*k - 4624. What is d(-89)?
4
Let p(d) = 88*d - 7074. What is p(80)?
-34
Let x(n) = -4*n**3 - 57*n**2 - 12*n + 30. Give x(-14).
2
Let r(a) = -113*a + 830. Give r(6).
152
Let t(u) = u**2 - 175*u - 531. Give t(-3).
3
Let b(z) = -2*z**2 - 21*z - 41. Calculate b(-7).
8
Let d(z) = -21*z**2 - 525*z. What is d(-25)?
0
Let i(k) = 23*k**3 - k**2 - 2*k - 6. Calculate i(-2).
-190
Let k(g) = -5*g**3 - 3*g**2 + 70*g - 68. What is k(1)?
-6
Let w(h) = 528*h - 71. Determine w(-1).
-599
Let w(f) = f**3 - 2*f**2 + 40*f - 252. Give w(5).
23
Let z(d) = -4*d**3 - 4*d**2 + 21*d - 21. What is z(-7)?
1008
Let y(c) = 4